 + 104 = 2*g. Is g composite?
True
Let p(w) be the third derivative of 5*w**2 + 1/6*w**3 + 0 + 1/12*w**4 + 0*w + 19/30*w**5. Is p(-1) prime?
True
Let t = -1035 + 1726. Is t a prime number?
True
Let c(b) = -2*b - 24. Let k be c(-10). Is (2/k)/(3/(-4542)) a composite number?
False
Let v be 3077 - (0/(-1) - 48/12). Suppose -145 = 4*u - v. Is u composite?
True
Let r(z) = 6*z**2 + 13*z - 51. Suppose -2*c - 40 = -3*d, -53 + 1 = -2*d - 5*c. Is r(d) a composite number?
False
Is 4016905/74*(-6)/(-15) prime?
True
Let z(f) = 261*f**3 + 7*f**2 - 8*f - 11. Is z(5) prime?
True
Let l(j) = j**2 + 3*j - 23. Let n be l(-7). Suppose 10*u + 1140 = n*u. Let f = u - -581. Is f composite?
False
Let w = 32 + -27. Let c(j) = 49*j**2 + 8*j - 12. Is c(w) prime?
False
Suppose -4*z - 3*x + 7 = -41, -33 = -5*z + 3*x. Suppose 0 = 5*o - z*o + 508. Is o a composite number?
False
Let t = -124 + 128. Suppose -4*w = 4*a - 11747 - 22433, t*a - 34180 = 5*w. Is a prime?
False
Suppose -u - 3 = -0. Let p be 294 - ((-9)/u)/(-3). Suppose -v - 48 = -p. Is v composite?
True
Let t(k) = -k**3 - 24*k**2 - 12*k - 104. Is t(-25) a composite number?
False
Let w(z) = -44*z - 11. Let m(k) = 88*k + 21. Let o(n) = 2*m(n) + 5*w(n). Is o(-6) prime?
True
Let l(j) = -j**2 - 5*j - 2. Let x be (-13)/3 - (-52)/39. Let b be l(x). Suppose -y - b = 0, -2*w + 17 = -y - 15. Is w prime?
False
Is (626 - 620) + (6755 - (0 + 0)) a composite number?
False
Let f be (-1 - -14)/(2/586). Suppose 2*y - 1365 - f = 0. Is y composite?
True
Suppose z - 2*w - 699 = 0, 0*z - 2*w + 715 = z. Let r = 997 - z. Suppose 4*u - 6*u + r = 0. Is u prime?
False
Let p = 63919 - -23664. Is p composite?
False
Is 13452/52 - (-60)/195 composite?
True
Suppose 0*d - 4*d = 3*h - 10, -4*h = -3*d - 5. Suppose -2*s = h*a + 2*a - 942, -3*a + 1410 = 3*s. Is s prime?
False
Suppose -y = -3*m - 15, -50 = -4*y - 2*m + 4*m. Is -2 - y/(-4)*27 a prime number?
True
Suppose 3*d - 146000 = 2*c, d = 4*c + 12321 + 36339. Suppose -7*l - 18463 = -d. Is l a composite number?
True
Suppose 7*k - 896 = 4*k - 4*j, -4*k + 4*j + 1204 = 0. Let d = -23 - -214. Suppose k = 3*n + 3*y, -y + 2*y = 2*n - d. Is n composite?
False
Suppose -4*n + 5*n - 72 = 0. Suppose 0 = -6*p - n + 1830. Is p a prime number?
True
Let j(q) = 4*q**2 - 15*q + 9. Let h be j(-13). Suppose 0 = 3*x - 26 - h. Suppose 10 = 2*b, -353 = -5*o + 3*b + x. Is o composite?
True
Let o = -18960 + 35009. Is o a prime number?
False
Suppose -6*s - 11177 = -41003. Is s a composite number?
True
Let z(h) = -72*h**3 + 2*h**2 + 2*h. Let y be z(-1). Let v = -53 + y. Is v a composite number?
False
Let j(c) = 792*c**3 + 5*c**2 - 9*c + 3. Is j(2) a prime number?
False
Is 6/(-4) + (-8 - 25239/(-6)) a prime number?
False
Let g(t) = 2*t**3 + 20*t**2. Let u be g(-10). Suppose o - n = -u*n + 325, -4*n = 2*o - 674. Is o prime?
False
Let y(p) = 2*p**2 - 5*p - 7. Let j be y(5). Let w = 164 - j. Suppose -w = -2*q - 4. Is q a prime number?
True
Let q(h) be the second derivative of h**5/20 - h**4/2 - h**3/3 - 2*h**2 - 14*h. Is q(9) a composite number?
True
Suppose -19*o + 17*o = -14. Let c(y) = 2*y**3 + 9*y**2 - 5*y - 5. Is c(o) prime?
True
Suppose 5*o - 3*r = 5, r + 4*r = 5*o - 5. Is (-9 - -12) + 850/o prime?
True
Let l = 4314 + -2383. Is l prime?
True
Is (-2262418)/(-276) - (-2)/(-12) a prime number?
False
Let x be (1 + -4)/((-24)/88). Let b = x - 59. Let o = 127 + b. Is o composite?
False
Let j(r) = -r**3 - 3*r**2 + 2*r. Let a be j(5). Let c be a/4 - 1/(-2). Let o = -24 - c. Is o composite?
False
Suppose -3*y + 428 = -5*l - 32, 3*l = 5*y - 756. Suppose -2*b + 824 = y. Is b a composite number?
False
Let a(q) = q + 33 - 11 + 2*q**2 - 21 - 10*q**3. Let j = -6 - -4. Is a(j) a prime number?
False
Let l be (-1 - -1595)/(10/20). Suppose l = -6*w + 15506. Is w prime?
True
Let j(y) = 7*y - 3. Let b be j(1). Suppose -h - 849 = -4*h - 3*q, 2*h - 558 = -b*q. Is h composite?
True
Let k(d) = 69*d**2 + 1. Let a be k(-1). Let u = -36 + a. Is u prime?
False
Let c be (-20)/(-8) - (-1)/2. Suppose -2*k + 470 = c*k. Suppose -k = -9*i + 7*i. Is i a composite number?
False
Let u(i) = 52*i**2 - 1. Let f be u(-1). Suppose 3*a - 180 = -f. Suppose -5*z = -52 - a. Is z a prime number?
True
Let y(a) be the third derivative of -4*a**4/3 - a**3/6 - 7*a**2. Is y(-5) a prime number?
False
Is 22/(-5 + (-14061)/(-2811)) composite?
True
Suppose -14357 + 3165 = -8*h. Is h composite?
False
Let g(m) = -5*m + 20. Let u(w) = 6*w - 21. Let j(i) = 5*g(i) + 6*u(i). Is j(12) composite?
True
Suppose f + 3*r = 430 + 915, 5*f - r = 6725. Is f composite?
True
Suppose 5*l = 3*p - 0*p + 11, 2*l = 8. Let d = p - -43. Let q = -3 + d. Is q prime?
True
Suppose 31*w - 805 = 26*w - 5*l, 4*w - 660 = 4*l. Is w a composite number?
False
Let j(f) = 30*f**2 - 8*f + 9. Let c(k) = -60*k**2 + 17*k - 19. Let q(l) = 2*c(l) + 5*j(l). Let t be (-14)/(-6) + 29/(-87). Is q(t) a prime number?
False
Let r be (-24)/(-64) - (-739)/(-8). Let h = r - -423. Is h prime?
True
Let u(x) = 79*x**3 - 7*x**2 + 9*x - 2. Let s be u(3). Let n(z) = -z. Let m be n(-6). Suppose m*i - i - s = 0. Is i prime?
True
Suppose 4*t = -3*h - 422, 4*t - 216 = 6*t + 4*h. Suppose 4*w + 776 = -s + 6*s, -3*w = -4*s + 583. Let q = t - w. Is q a prime number?
False
Let n(d) be the second derivative of -166*d**3/3 + 3*d**2/2 - 14*d. Is n(-2) composite?
True
Let p(j) be the third derivative of -j**5/60 + 7*j**4/24 - 7*j**3/6 + 5*j**2. Is p(5) a composite number?
False
Is (102/(-12) + 8)/(1/(-16814)) composite?
True
Let z be 44/16 + -2 + (-444044)/16. Is 4/(-6)*(z/16 - -8) composite?
False
Is (-106)/159 - (-1)/((-6)/(-37960)) prime?
False
Let o(x) = 71*x + 59. Is o(42) prime?
True
Suppose 5 = -5*b, q - 4*b + b = 10. Let f(y) = 238*y + 43. Is f(q) prime?
True
Let d(n) = -113*n**2 + 9*n - 3. Let v(s) = 169*s**2 - 13*s + 4. Let f(m) = 7*d(m) + 5*v(m). Let i be f(2). Is i/4 + (-2)/(-8) a composite number?
False
Is 203600/176 - (-2)/11 a composite number?
True
Is 137349/18*(-4)/(-6) a prime number?
True
Suppose 0 = 3*r - 2*r - 113. Suppose 4*o + 328 - 40 = 0. Let c = r - o. Is c a prime number?
False
Let l(b) = -b**3 - 17*b**2 + 9*b + 22. Let y be l(-18). Let k(f) = -4*f**2 - 6*f - 2. Let t be k(-6). Let m = y + t. Is m composite?
True
Let o(n) = -n**2 + 9*n. Let i be o(9). Suppose i = 2*j - 765 - 193. Is j composite?
False
Suppose -6*r - 3*r = -3*r. Suppose 7*g - 10*g + 2451 = r. Is g composite?
True
Suppose 2*b - 43404 = 27154. Is b a composite number?
False
Suppose -5*g = -2*i - 24475, -32330 = -5*g + 4*i - 7865. Is g a composite number?
True
Let u(o) = -o**3 - 3*o**3 + 5*o**3 + 2*o - 2*o**3 - 7*o**2 + 5. Let l be u(-5). Let z = 654 - l. Is z prime?
True
Suppose -7*p - 76872 = -9*p. Is ((-2)/(-2))/(p/(-12813) + 3) composite?
False
Let z = 7 - 15. Let r(l) = -l**3 - 9*l**2 - 9*l - 8. Let d be r(z). Suppose 3*k = -d*k + 345. Is k prime?
False
Let y(a) = -199*a**3 + 7*a**2 + 6*a. Let m be y(-4). Suppose -5*x + m = 3*x. Is x a composite number?
True
Let i be 6/9*2145/10. Suppose -2*n + i = -43. Is n a prime number?
False
Suppose 1907 = 13*l - 12*l - 2*q, 5*l + 5*q = 9505. Is l prime?
False
Suppose -8*w + 49973 = 4*v - 3*w, -37497 = -3*v + 2*w. Is v a composite number?
False
Let q(o) = 10*o - 2. Let g be q(1). Suppose 13*z = g*z + 55. Suppose -c - z = -69. Is c a composite number?
True
Let u = 382 - 119. Let v = 382 - u. Is v a prime number?
False
Suppose -2*g + 12 = -0*g + 2*q, -18 = -g - 5*q. Let x be 8/6*g + 1. Suppose -x*n + 318 = n. Is n a prime number?
True
Let n(q) = -2*q**3 - 4*q**2 - 17*q - 65. Is n(-8) a prime number?
True
Let n = 7 + -64. Let b = 100 - n. Is b composite?
False
Let u(s) = 865*s**2 - 13*s - 59. Is u(-5) a composite number?
True
Suppose 7*v = 65161 + 15430. Is v composite?
True
Suppose -i + 2*t = -7865, 3*i - 16303 = 4*t + 7286. Is i composite?
True
Is (-134)/(5 - 4314/862) a prime number?
False
Let w = -72 - -107. Let z = -56 + w. Is (-4677)/(-2)*(-14)/z composite?
False
Suppose -4*h + 0*h = -16. Suppose 7*z = h*z + 81. Suppose 80 - z = u. Is u prime?
True
Suppose 0*j = d - 3*j + 13, 17 = 3*d + 5*j. Is -4 + (1 - d) - (-830)/2 a prime number?
False
Is 5 + -4 + -6 - (1 - 419) composite?
True
Suppose 4*q + 4*s - 16144 = 0, 0 = 5*q - 0*s + 3*s - 20182. Is q composite?
True
Let d(f) = -f**3 + f - 2. Let o be d(-2). Let m 